 b. List the prime factors of n.
2, 5
Let t = 38 - 35. Suppose 5*u + 516 = t*b + 216, -4*b + 400 = -2*u. Suppose -4*l + b = -48. List the prime factors of l.
37
List the prime factors of (4 - (-7896)/18) + 12/(-18).
2, 13, 17
Suppose 10656 = 4*d - 0*d - 4*j, 5*d - 13320 = 3*j. Suppose -d = 35*i - 41*i. List the prime factors of i.
2, 3, 37
Let w = -29668 + 41944. List the prime factors of w.
2, 3, 11, 31
Suppose 3*a + 2*c - 37777 = 0, 5*c + 12564 = 142*a - 141*a. List the prime factors of a.
12589
Let m = 20692 + -18394. List the prime factors of m.
2, 3, 383
Let c(k) = k**3 + 2*k**2 - 7*k - 529. Let r be c(0). Let u = 1178 + r. What are the prime factors of u?
11, 59
Let r = -6322 - -14236. What are the prime factors of r?
2, 3, 1319
Suppose 2747*k - 2759*k = -64440. List the prime factors of k.
2, 3, 5, 179
Suppose -4*i + 32252 = 2*g, -85148 = -5*g - 2*i - 4462. What are the prime factors of g?
2, 3, 5, 269
Suppose 4*k = 5*s + 149138, 2*k + 0*s = -10*s + 74594. What are the prime factors of k?
3, 1381
List the prime factors of ((-702)/819 + (-132)/(-7))*54*27.
2, 3
Let p(x) = 80*x**3 - 21*x**2 - 7. Let g be p(3). Suppose 4*v - t = g, -t + 210 = 2*v - 766. What are the prime factors of v?
2, 5, 7
Suppose 7 = -5*g + 27. Suppose -3*t + 244 = 2*u + 3*u, g*t - 317 = -5*u. Suppose t = 2*m - 113. List the prime factors of m.
3, 31
Suppose 5 - 10 = -5*z. Let f(v) = 59*v**2 - 4*v + 3. Let t be f(z). Suppose 4*y = 5*y - t. List the prime factors of y.
2, 29
Suppose -385 - 77 = -14*o. Let s = o - 38. What are the prime factors of (6/s)/(78/(-260))?
2
Let o(s) = 5*s**2 - 8*s + 14. Let m(w) = 80*w - 1. Let q be m(1). Let t = 84 - q. What are the prime factors of o(t)?
3, 11
Suppose 2*g - 1692 = -10*g. Suppose 0 = 2*p - 11 - g. Suppose -p = -5*x - 6. What are the prime factors of x?
2, 7
Let q(p) = -p**3 - 11*p**2 - 10. Suppose 21 = -2*a - 1. Let y be q(a). List the prime factors of (2 + 16/y)*2*55.
2, 11
Suppose -3*p + 24 = -7*p, 0 = -n - 5*p + 8023. List the prime factors of n.
8053
Suppose 5*v = -2*l + 1, 3*l + l = -2*v + 10. Suppose 3*p = -5*b + 333, -l*b - 2*b = 0. What are the prime factors of (0 - -12)*p/6?
2, 3, 37
Let u = -227 + 221. What are the prime factors of 778 - ((-8)/u)/((-21)/(-63))?
2, 3, 43
Let o(j) = 23*j**2 + 8*j + 16. List the prime factors of o(10).
2, 599
Let v(k) = -k + 27. Let w be v(-11). Suppose 43043 = 5*x + w*x. List the prime factors of x.
7, 11, 13
Let k = 64706 + -35287. What are the prime factors of k?
13, 31, 73
Let b be (83/(-10)*4)/(29/(-18270)). Suppose -20*o + b = o. List the prime factors of o.
2, 3, 83
Let f be 13 - 17 - (-2)/(-1 - -3). Let a = f + 5. Suppose n - 463 = -4*v + a*n, -4*v + 4*n = -460. What are the prime factors of v?
2, 29
Suppose 155*a - 73*a - 75*a = 160265. What are the prime factors of a?
5, 19, 241
Let d = 5988 + -828. Suppose 10*i - d = 2*i. What are the prime factors of i?
3, 5, 43
Suppose -5*v + 19*x + 13239 = 15*x, -4*x = -v + 2635. Suppose -2432 - v = -23*a. List the prime factors of a.
13, 17
Let f(i) = -i**3 - i**2 - i + 1. Let j(h) = 56*h**3 + 42*h**2 + 42*h - 42. Let a(u) = -42*f(u) - j(u). Let w = 3300 - 3301. What are the prime factors of a(w)?
2, 7
Suppose 0 = 19*i - 17*i + 396. Let f(w) = -w**2 + 12*w - 29. Let t be f(18). Let u = t - i. List the prime factors of u.
61
Let n = -160 + 3291. List the prime factors of n.
31, 101
Let m(t) = -t**2 - 5*t + 82. Let s be m(-12). What are the prime factors of (-17 - -325)*s/(-4)?
2, 7, 11
Suppose -4*q - 3990 = -2*r - 100384, 4*r + 24081 = q. List the prime factors of q.
7, 11, 313
Let c = 142 - 182. What are the prime factors of 30*((-8)/c)/((-2)/(-6))?
2, 3
What are the prime factors of (2 + -2 + -6)*(-33)/(726/21329)?
3, 7, 277
Let u(s) = 13*s**2 - 3*s + 12. Let c be u(13). Suppose -2*g + 5*g = w - 434, -5*w - 4*g = -c. List the prime factors of w.
2, 7, 31
List the prime factors of (-407922)/(-78) - (-90)/390.
2, 5, 523
Let p = -93 - -34. Let g = p - -59. Suppose g = -3*x + i + 397, -3*x + 105 = 4*i - 272. List the prime factors of x.
131
Suppose 78*q = 70*q + 6784. Suppose -3*w = h - q, 7*w - 3*w + 2518 = 3*h. List the prime factors of h.
2, 421
Let g be 8/(-14) + (-598)/(-91). Suppose -14*c + 3040 = -g*c. List the prime factors of c.
2, 5, 19
What are the prime factors of (-147)/49*(-1)/9 + (-11516)/(-3)?
11, 349
Let h(z) = 3*z**3 - 2*z**2 + 3*z - z**2 + 24 + 4*z - 29. Let j be h(2). What are the prime factors of (-1 - -7)/(j/(-23) - -1)?
3, 23
Let h(w) = 3*w**2 + 8*w - 6. Suppose 4*r + 4*o + 10 = 3*o, -5 = 3*r + 2*o. Let x be h(r). List the prime factors of x*(-6)/(-45) - 197/(-5).
3, 13
Let l = 2614 + 1217. What are the prime factors of l?
3, 1277
Let i be (-10)/225*-5 - 6/27. Suppose -8*y = -i*y - 1176. List the prime factors of y.
3, 7
Suppose 4*x + 42*s - 147660 = 43*s, -5*x + 4*s = -184597. List the prime factors of x.
36913
What are the prime factors of 692*(-1179)/(-11) - (-1138)/6259?
2, 5, 7417
Suppose 3*r + 15 = 0, -2*y + 14930 = -110*r + 112*r. List the prime factors of y.
2, 3, 5, 83
Suppose -5025*v + 5028*v - 21282 = 0. What are the prime factors of v?
2, 3547
Suppose -22*c + 359017 + 269479 = -565048. List the prime factors of c.
2, 3, 11, 137
Let r = -10752 - -21991. List the prime factors of r.
11239
Let d = -67 + 78. Let w = 47 - d. Suppose -4*q = -w - 328. What are the prime factors of q?
7, 13
Suppose 120594 = 2*n - 4*o, 58919 = n + 5*o - 1364. What are the prime factors of n?
60293
Suppose -18*x - 86 = -14. Let r = 249 - x. List the prime factors of r.
11, 23
Let v = -21499 + 33721. What are the prime factors of v?
2, 3, 7, 97
Suppose 2*o - 863 = 3*x, 7*x = o + 5*x - 433. List the prime factors of o + -1 + 3/((-21)/(-28)).
2, 5, 43
Suppose -307214 = -31*x - 59214. What are the prime factors of x?
2, 5
List the prime factors of (-18)/(-2) + (50 - -1914).
1973
Suppose -k = 5*i - 776, -3*i + 145 = 4*k - 307. Suppose 161*b - i*b = 1015. What are the prime factors of b?
7, 29
Suppose 2*p - 265 - 351 = -5*o, 362 = 3*o + 5*p. Let q be 2*2/(-4)*-4. Suppose q*f = -2*w + o, -4*f + 295 = 5*w - 9*f. List the prime factors of w.
2, 3, 5
Let y(u) be the second derivative of u**4/12 + 11*u**3/6 + 39*u**2/2 - 21*u. Let b be y(-8). Suppose -b = -d + 72. List the prime factors of d.
3, 29
Let w(t) = -7*t**3 + 22*t**2 + 81*t + 23. What are the prime factors of w(-12)?
5, 7, 409
Suppose 0 = -585*i + 773*i - 12571184. List the prime factors of i.
2, 73, 229
Suppose -37 = -21*r + 68. Suppose u + r = 0, 4*v - 3452 = -2*u + 1282. What are the prime factors of v?
2, 593
Suppose 81 + 52 = z + 3*x, -2*x + 246 = 2*z. Suppose -6*t + 3*t = i + 122, 3*t + z = i. Let m = t - -138. List the prime factors of m.
2, 7
Let p = 62487 - 43254. What are the prime factors of p?
3, 2137
Let f = -185780 + 264015. What are the prime factors of f?
5, 15647
Suppose 21*j - 245605 - 1228193 = -13*j. List the prime factors of j.
3, 14449
Let q be -1 - -78 - 3 - 4. Let i = q + -71. What are the prime factors of 1 - 0 - (5 + i + -112)?
109
Suppose -83 = -0*b - b - 2*d, -4*b + 2*d + 312 = 0. Suppose p - b = -74. Suppose -4 = 4*g, g - p*g + 554 = 3*x. List the prime factors of x.
2, 3, 31
Suppose -8*c + 2603 = 11*c. Let k(i) = -9*i + 2. Let b be k(3). Let h = b + c. List the prime factors of h.
2, 7
Let p(b) = -2*b**3 + 8*b**2 - 92*b - 14. List the prime factors of p(-12).
2, 7, 11, 37
Suppose 2*m - 53*o = -56*o + 9, -o = -1. Suppose 1515 = m*g + 315. List the prime factors of g.
2, 5
Let x(h) = 2*h - 1. Let q be x(14). Let j be (-18)/q - 2*(-8)/6. What are the prime factors of (189*j/8)/(66/176)?
2, 3, 7
Let m(b) = 2*b + 20. Let d be m(14). Let y = -26 + d. What are the prime factors of (-4 - (-12)/(-8))*y*-1?
11
Suppose 7*h - 105 = 2*h. Let q be (h/(-12) + 2)*0. Suppose -7*r + 11*r - 372 = q. What are the prime factors of r?
3, 31
What are the prime factors of (-33 - -31)*(103234/(-4))/((-16)/(-16))?
71, 727
Let s = -875 - -2632. Let i = -1191 + s. List the prime factors of i.
2, 283
Let h(z) be the third derivative of 9*z**5/20 - 7*z**4/24 - 23*z**3/3 + 38*z**2 + z. What are the prime factors of h(7)?
2, 307
Let j(w) = 98*w + 1 - 68*w - 5*w**2 + 3*w**2. Let d be j(15). Let m(o) = 44*o**2 - 5*o + 4. What are the prime factors of m(d)?
43
What are the prime fac